{"id":2067,"date":"2025-11-01T21:30:09","date_gmt":"2025-11-01T21:30:09","guid":{"rendered":"https:\/\/varietyoption.com.br\/?page_id=2067"},"modified":"2025-11-01T21:30:39","modified_gmt":"2025-11-01T21:30:39","slug":"5-transparencia","status":"publish","type":"page","link":"https:\/\/varietyoption.com.br\/CelularSamsungGalaxyA16\/5-transparencia\/","title":{"rendered":"5. Transpar\u00eancia"},"content":{"rendered":"\n<p><strong>Transpar\u00eancia do Variety Option<\/strong><\/p>\n\n\n\n<p>No <strong>Variety Option<\/strong>, priorizamos a transpar\u00eancia em nossas an\u00e1lises. Trabalhamos com programas de afiliados, o que significa que podemos receber uma comiss\u00e3o por produtos comprados atrav\u00e9s de nossos links.<\/p>\n\n\n\n<p><strong>Compromisso com a Honestidade:<\/strong><br>Nosso objetivo \u00e9 fornecer an\u00e1lises imparciais e sinceras. Sempre revelaremos quando um link for de afiliado.<\/p>\n\n\n\n<p>Para d\u00favidas, entre em contato pelo e-mail Luciano.voyage89@gmail.com<\/p>\n\n\n\n<p><\/p>\n","protected":false},"excerpt":{"rendered":"<p>Transpar\u00eancia do Variety Option No Variety Option, priorizamos a transpar\u00eancia em nossas an\u00e1lises. Trabalhamos com programas de afiliados, o que significa que podemos receber uma comiss\u00e3o por produtos comprados atrav\u00e9s de nossos links. Compromisso com a Honestidade:Nosso objetivo \u00e9 fornecer an\u00e1lises imparciais e sinceras. Sempre revelaremos quando um link for de afiliado. Para d\u00favidas, entre [&hellip;]<\/p>\n","protected":false},"author":1,"featured_media":0,"parent":0,"menu_order":0,"comment_status":"closed","ping_status":"closed","template":"","meta":{"_uag_custom_page_level_css":"","footnotes":""},"class_list":["post-2067","page","type-page","status-publish","hentry"],"aioseo_notices":[],"_hostinger_reach_plugin_has_subscription_block":false,"_hostinger_reach_plugin_is_elementor":false,"uagb_featured_image_src":{"full":false,"thumbnail":false,"medium":false,"medium_large":false,"large":false,"1536x1536":false,"2048x2048":false,"woocommerce_thumbnail":false,"woocommerce_single":false,"woocommerce_gallery_thumbnail":false},"uagb_author_info":{"display_name":"luciano.voyage89@gmail.com","author_link":"https:\/\/varietyoption.com.br\/CelularSamsungGalaxyA16\/author\/luciano-voyage89gmail-com\/"},"uagb_comment_info":0,"uagb_excerpt":"Transpar\u00eancia do Variety Option No Variety Option, priorizamos a transpar\u00eancia em nossas an\u00e1lises. Trabalhamos com programas de afiliados, o que significa que podemos receber uma comiss\u00e3o por produtos comprados atrav\u00e9s de nossos links. Compromisso com a Honestidade:Nosso objetivo \u00e9 fornecer an\u00e1lises imparciais e sinceras. Sempre revelaremos quando um link for de afiliado. Para d\u00favidas, entre&hellip;","_links":{"self":[{"href":"https:\/\/varietyoption.com.br\/CelularSamsungGalaxyA16\/wp-json\/wp\/v2\/pages\/2067","targetHints":{"allow":["GET"]}}],"collection":[{"href":"https:\/\/varietyoption.com.br\/CelularSamsungGalaxyA16\/wp-json\/wp\/v2\/pages"}],"about":[{"href":"https:\/\/varietyoption.com.br\/CelularSamsungGalaxyA16\/wp-json\/wp\/v2\/types\/page"}],"author":[{"embeddable":true,"href":"https:\/\/varietyoption.com.br\/CelularSamsungGalaxyA16\/wp-json\/wp\/v2\/users\/1"}],"replies":[{"embeddable":true,"href":"https:\/\/varietyoption.com.br\/CelularSamsungGalaxyA16\/wp-json\/wp\/v2\/comments?post=2067"}],"version-history":[{"count":2,"href":"https:\/\/varietyoption.com.br\/CelularSamsungGalaxyA16\/wp-json\/wp\/v2\/pages\/2067\/revisions"}],"predecessor-version":[{"id":2069,"href":"https:\/\/varietyoption.com.br\/CelularSamsungGalaxyA16\/wp-json\/wp\/v2\/pages\/2067\/revisions\/2069"}],"wp:attachment":[{"href":"https:\/\/varietyoption.com.br\/CelularSamsungGalaxyA16\/wp-json\/wp\/v2\/media?parent=2067"}],"curies":[{"name":"wp","href":"https:\/\/api.w.org\/{rel}","templated":true}]}}