{"id":2061,"date":"2025-11-01T21:27:35","date_gmt":"2025-11-01T21:27:35","guid":{"rendered":"https:\/\/varietyoption.com.br\/?page_id=2061"},"modified":"2025-11-02T15:02:56","modified_gmt":"2025-11-02T15:02:56","slug":"2-termos-de-uso","status":"publish","type":"page","link":"https:\/\/varietyoption.com.br\/CelularSamsungGalaxyA16\/2-termos-de-uso\/","title":{"rendered":"2. Termos de Uso"},"content":{"rendered":"\t\t<div data-elementor-type=\"wp-page\" data-elementor-id=\"2061\" class=\"elementor elementor-2061\">\n\t\t\t\t<div class=\"elementor-element elementor-element-4bdb089d e-flex e-con-boxed e-con e-parent\" data-id=\"4bdb089d\" data-element_type=\"container\">\n\t\t\t\t\t<div class=\"e-con-inner\">\n\t\t\t\t<div class=\"elementor-element elementor-element-1f2bd1c6 elementor-widget elementor-widget-text-editor\" data-id=\"1f2bd1c6\" data-element_type=\"widget\" data-widget_type=\"text-editor.default\">\n\t\t\t\t\t\t\t\t\t\n<p><strong>Termos de Uso do Variety Option<\/strong><\/p>\n\n<p>26\/10\/2025<\/p>\n\n<p>Ao acessar o <strong>varietyoption.com<\/strong>, voc\u00ea concorda em cumprir estes termos. Se n\u00e3o concordar, n\u00e3o utilize nosso site.<\/p>\n\n<p><strong>Uso do Site:<\/strong><\/p>\n\n<ul class=\"wp-block-list\">\n<li>Voc\u00ea \u00e9 respons\u00e1vel pelo uso do site.<\/li>\n\n<li>\u00c9 proibido o uso para fins ilegais ou n\u00e3o autorizados.<\/li>\n<\/ul>\n\n<p><strong>Propriedade Intelectual:<\/strong><br \/>Todo o conte\u00fado, incluindo textos, imagens e gr\u00e1ficos, \u00e9 protegido por direitos autorais.<\/p>\n\n<p><strong>Altera\u00e7\u00f5es:<\/strong><br \/>Reservamos o direito de modificar estes termos a qualquer momento.<\/p>\n\n<p>Para d\u00favidas, entre em contato pelo e-mail <strong>Luciano.voyage89@gmail.com<\/strong><\/p>\n\n<p>\u00a0<\/p>\n\t\t\t\t\t\t\t\t<\/div>\n\t\t\t\t\t<\/div>\n\t\t\t\t<\/div>\n\t\t\t\t<\/div>\n\t\t","protected":false},"excerpt":{"rendered":"<p>Termos de Uso do Variety Option 26\/10\/2025 Ao acessar o varietyoption.com, voc\u00ea concorda em cumprir estes termos. Se n\u00e3o concordar, n\u00e3o utilize nosso site. Uso do Site: Propriedade Intelectual:Todo o conte\u00fado, incluindo textos, imagens e gr\u00e1ficos, \u00e9 protegido por direitos autorais. Altera\u00e7\u00f5es:Reservamos o direito de modificar estes termos a qualquer momento. Para d\u00favidas, entre em [&hellip;]<\/p>\n","protected":false},"author":1,"featured_media":0,"parent":0,"menu_order":0,"comment_status":"closed","ping_status":"closed","template":"","meta":{"_uag_custom_page_level_css":"","footnotes":""},"class_list":["post-2061","page","type-page","status-publish","hentry"],"aioseo_notices":[],"_hostinger_reach_plugin_has_subscription_block":false,"_hostinger_reach_plugin_is_elementor":false,"uagb_featured_image_src":{"full":false,"thumbnail":false,"medium":false,"medium_large":false,"large":false,"1536x1536":false,"2048x2048":false,"woocommerce_thumbnail":false,"woocommerce_single":false,"woocommerce_gallery_thumbnail":false},"uagb_author_info":{"display_name":"luciano.voyage89@gmail.com","author_link":"https:\/\/varietyoption.com.br\/CelularSamsungGalaxyA16\/author\/luciano-voyage89gmail-com\/"},"uagb_comment_info":0,"uagb_excerpt":"Termos de Uso do Variety Option 26\/10\/2025 Ao acessar o varietyoption.com, voc\u00ea concorda em cumprir estes termos. Se n\u00e3o concordar, n\u00e3o utilize nosso site. Uso do Site: Propriedade Intelectual:Todo o conte\u00fado, incluindo textos, imagens e gr\u00e1ficos, \u00e9 protegido por direitos autorais. Altera\u00e7\u00f5es:Reservamos o direito de modificar estes termos a qualquer momento. Para d\u00favidas, entre em&hellip;","_links":{"self":[{"href":"https:\/\/varietyoption.com.br\/CelularSamsungGalaxyA16\/wp-json\/wp\/v2\/pages\/2061","targetHints":{"allow":["GET"]}}],"collection":[{"href":"https:\/\/varietyoption.com.br\/CelularSamsungGalaxyA16\/wp-json\/wp\/v2\/pages"}],"about":[{"href":"https:\/\/varietyoption.com.br\/CelularSamsungGalaxyA16\/wp-json\/wp\/v2\/types\/page"}],"author":[{"embeddable":true,"href":"https:\/\/varietyoption.com.br\/CelularSamsungGalaxyA16\/wp-json\/wp\/v2\/users\/1"}],"replies":[{"embeddable":true,"href":"https:\/\/varietyoption.com.br\/CelularSamsungGalaxyA16\/wp-json\/wp\/v2\/comments?post=2061"}],"version-history":[{"count":4,"href":"https:\/\/varietyoption.com.br\/CelularSamsungGalaxyA16\/wp-json\/wp\/v2\/pages\/2061\/revisions"}],"predecessor-version":[{"id":2074,"href":"https:\/\/varietyoption.com.br\/CelularSamsungGalaxyA16\/wp-json\/wp\/v2\/pages\/2061\/revisions\/2074"}],"wp:attachment":[{"href":"https:\/\/varietyoption.com.br\/CelularSamsungGalaxyA16\/wp-json\/wp\/v2\/media?parent=2061"}],"curies":[{"name":"wp","href":"https:\/\/api.w.org\/{rel}","templated":true}]}}